{"id":93,"date":"2017-11-05T23:20:56","date_gmt":"2017-11-05T22:20:56","guid":{"rendered":"http:\/\/test.cisztasfibrozis.hu\/?page_id=93"},"modified":"2020-04-23T14:30:50","modified_gmt":"2020-04-23T12:30:50","slug":"tajekoztato-a-rokkantsagi-jaradekrol","status":"publish","type":"page","link":"https:\/\/www.cisztasfibrozis.hu\/index.php\/tajekoztato-a-rokkantsagi-jaradekrol\/","title":{"rendered":"T\u00e1j\u00e9koztat\u00f3 a rokkants\u00e1gi j\u00e1rad\u00e9kr\u00f3l"},"content":{"rendered":"\n<h3 class=\"wp-block-heading\">Ki jogosult rokkants\u00e1gi j\u00e1rad\u00e9kra?<\/h3>\n\n\n\n<p><br> Az, aki a 25. \u00e9let\u00e9ve bet\u00f6lt\u00e9se el\u0151tt keletkezett eg\u00e9szs\u00e9gk\u00e1rosod\u00e1sa legal\u00e1bb 70 sz\u00e1zal\u00e9kos m\u00e9rt\u00e9k\u0171 \u00e9s nyugell\u00e1t\u00e1sban, baleseti nyugell\u00e1t\u00e1sban, megv\u00e1ltozott munkak\u00e9pess\u00e9g\u0171 szem\u00e9lyek ell\u00e1t\u00e1sban nem r\u00e9szes\u00fcl..<br> Nem akad\u00e1lya a rokkants\u00e1gi j\u00e1rad\u00e9k meg\u00e1llap\u00edt\u00e1s\u00e1nak, ha az ig\u00e9nyl\u0151 fogyat\u00e9koss\u00e1gi t\u00e1mogat\u00e1sban r\u00e9szes\u00fcl, illetve, ha az ig\u00e9nyl\u0151 ut\u00e1n csal\u00e1di p\u00f3tl\u00e9kot foly\u00f3s\u00edtanak, tov\u00e1bb\u00e1 az sem, ha a k\u00e9relmez\u0151 munkaviszonyban, egy\u00e9b munkav\u00e9gz\u00e9sre ir\u00e1nyul\u00f3 jogviszonyban \u00e1ll.<\/p>\n\n\n\n<p>Mikort\u00f3l \u00e1llap\u00edthat\u00f3 meg az ell\u00e1t\u00e1s?<br>\nA rokkants\u00e1gi j\u00e1rad\u00e9kot az el\u0151bb eml\u00edtett felt\u00e9telek fenn\u00e1ll\u00e1sa eset\u00e9n az ig\u00e9nybejelent\u00e9st megel\u0151z\u0151 6. h\u00f3nap els\u0151 napj\u00e1t\u00f3l, legkor\u00e1bban azonban annak a h\u00f3napnak az els\u0151 napj\u00e1t\u00f3l lehet meg\u00e1llap\u00edtani, amelyben az ig\u00e9nyl\u0151 a 18. \u00e9let\u00e9v\u00e9t bet\u00f6lt\u00f6tte.<\/p>\n\n\n\n<p>Sz\u00fcks\u00e9ges- e szolg\u00e1lati id\u0151 a j\u00e1rad\u00e9kra val\u00f3 jogosults\u00e1ghoz?<br>\nA rokkants\u00e1gi j\u00e1rad\u00e9k meg\u00e1llap\u00edt\u00e1s\u00e1nak nem felt\u00e9tele, hogy az ig\u00e9nyl\u0151 szolg\u00e1lati id\u0151t szerezzen.<\/p>\n\n\n\n<p>Mennyi a rokkants\u00e1gi j\u00e1rad\u00e9k \u00f6sszege?<br>\nA rokkants\u00e1gi j\u00e1rad\u00e9k \u00f6sszege meghat\u00e1rozott (fix \u00f6sszeg\u0171), amely a nyugd\u00edjszer\u0171 szoci\u00e1lis ell\u00e1t\u00e1sok emel\u00e9s\u00e9r\u0151l sz\u00f3l\u00f3 jogszab\u00e1lyban r\u00f6gz\u00edtettek szerint emelkedik.<\/p>\n\n\n\n<p>Mikor sz\u0171nik meg a j\u00e1rad\u00e9kra jogosults\u00e1g?<br>\nAkkor, ha<br>\n&#8211; a jogosult r\u00e9sz\u00e9re nyugell\u00e1t\u00e1st, \u00e1llap\u00edtanak meg, vagy<br>\n&#8211; ha a j\u00e1rad\u00e9kos eg\u00e9szs\u00e9gk\u00e1rosod\u00e1sa a 70 sz\u00e1zal\u00e9kot m\u00e1r nem \u00e9ri el.<\/p>\n\n\n\n<p>Ki terjesztheti el\u0151 az ig\u00e9nyt \u00e9s hol?<br>\nA rokkants\u00e1gi j\u00e1rad\u00e9k meg\u00e1llap\u00edt\u00e1s\u00e1ra ir\u00e1nyul\u00f3 ig\u00e9nyt az&nbsp;ig\u00e9nyl\u0151\/meghatalmazottja&nbsp;vagy&nbsp;t\u00f6rv\u00e9nyes k\u00e9pvisel\u0151je&nbsp;terjesztheti el\u0151 a jogosult lak\u00f3helye szerint illet\u00e9kes nyugd\u00edjbiztos\u00edt\u00e1si igazgat\u00e1si szervn\u00e9l.<br>\nAz ig\u00e9ny&nbsp;elektronikus \u00faton is el\u0151terjeszthet\u0151.<br>\nAz ig\u00e9ny az erre a c\u00e9lra rendszeres\u00edtett&nbsp;K04&nbsp;sz\u00e1m\u00fa formanyomtatv\u00e1ny, kit\u00f6lt\u00e9s\u00e9vel \u00e9rv\u00e9nyes\u00edthet\u0151, amelyekhez mell\u00e9kelni kell<br>\n&#8211; az eg\u00e9szs\u00e9gi \u00e1llapot\u00e1ra, gy\u00f3gykezel\u00e9s\u00e9re, rehabilit\u00e1ci\u00f3j\u00e1ra vonatkoz\u00f3 \u00f6sszefoglal\u00f3 adatokat tartalmaz\u00f3, a h\u00e1zi orvost\u00f3l, kezel\u0151orvost\u00f3l beszerezhet\u0151 v\u00e9lem\u00e9nyt (\u201eBeutal\u00f3\u201d),<br>\n&#8211; az eg\u00e9szs\u00e9g\u00fcgyi ell\u00e1t\u00e1sr\u00f3l sz\u00f3l\u00f3 z\u00e1r\u00f3jelent\u00e9s(eke)t, ha kor\u00e1bban ilyen ell\u00e1t\u00e1s(ok)ban r\u00e9szes\u00fclt,<br>\ntov\u00e1bb\u00e1 k\u00f6z\u00f6lni kell az ig\u00e9nyl\u0151 azonos\u00edt\u00e1s\u00e1hoz sz\u00fcks\u00e9ges adatokat, a t\u00e1rsadalombiztos\u00edt\u00e1si azonos\u00edt\u00f3 jel\u00e9t, \u00e9s gondnokolt eset\u00e9ben mell\u00e9kelni kell a gondnokrendel\u00e9sr\u0151l sz\u00f3l\u00f3 hat\u00e1rozatot.<\/p>\n\n\n\n<p>A rokkants\u00e1gi j\u00e1rad\u00e9kot a nyugd\u00edjbiztos\u00edt\u00e1si igazgat\u00e1si szerv hat\u00e1rozata alapj\u00e1n az Orsz\u00e1gos Nyugd\u00edjbiztos\u00edt\u00e1si F\u0151igazgat\u00f3s\u00e1g&nbsp;Nyugd\u00edjfoly\u00f3s\u00edt\u00f3 Igazgat\u00f3s\u00e1ga foly\u00f3s\u00edtja.<br>\nA rokkants\u00e1gi j\u00e1rad\u00e9kos jogosult a nyugd\u00edjasok r\u00e9sz\u00e9re biztos\u00edtott utaz\u00e1si kedvezm\u00e9nyre.<\/p>\n\n\n\n<p>Jogszab\u00e1ly:<br>\n83\/1987. (XII. 27.) MT rendelet<\/p>\n\n\n\n<p><strong>2016. janu\u00e1r 04.<\/strong><\/p>\n\n\n\n<p>forr\u00e1s:&nbsp;<a href=\"https:\/\/www.onyf.hu\/hu\/uegyintezes\/%c3%bcgyint%c3%a9z%c3%a9si-t%c3%a1j%c3%a9koztat%c3%b3k\/109-rokkants%c3%a1gi-j%c3%a1rad%c3%a9k\/950-az-orsz%c3%a1gos-nyugd%c3%adjbiztos%c3%adt%c3%a1si-f%c5%91igazgat%c3%b3s%c3%a1g-t%c3%a1j%c3%a9koztat%c3%b3ja-a-rokkants%c3%a1gi-j%c3%a1rad%c3%a9kr%c3%b3l.html\" target=\"_blank\" rel=\"noopener\"><span class=\"ms-rteForeColor-10\">Orsz\u00e1gos Nyugd\u00edjbiztos\u00edt\u00e1si F\u0151igazgat\u00f3s\u00e1g<\/span><\/a><\/p>\n\n\n\n<p class=\"has-background has-very-light-gray-background-color\"><a href=\"https:\/\/www.cisztasfibrozis.hu\">Vissza a f\u0151oldalra<\/a><\/p>\n","protected":false},"excerpt":{"rendered":"<p>Ki jogosult rokkants\u00e1gi j\u00e1rad\u00e9kra? Az, aki a 25. \u00e9let\u00e9ve bet\u00f6lt\u00e9se el\u0151tt keletkezett eg\u00e9szs\u00e9gk\u00e1rosod\u00e1sa legal\u00e1bb 70 sz\u00e1zal\u00e9kos m\u00e9rt\u00e9k\u0171 \u00e9s nyugell\u00e1t\u00e1sban, baleseti nyugell\u00e1t\u00e1sban, megv\u00e1ltozott munkak\u00e9pess\u00e9g\u0171 szem\u00e9lyek ell\u00e1t\u00e1sban&#8230;<\/p>\n","protected":false},"author":1,"featured_media":0,"parent":0,"menu_order":0,"comment_status":"closed","ping_status":"closed","template":"","meta":{"footnotes":""},"class_list":["post-93","page","type-page","status-publish","hentry","entry","double"],"_links":{"self":[{"href":"https:\/\/www.cisztasfibrozis.hu\/index.php\/wp-json\/wp\/v2\/pages\/93","targetHints":{"allow":["GET"]}}],"collection":[{"href":"https:\/\/www.cisztasfibrozis.hu\/index.php\/wp-json\/wp\/v2\/pages"}],"about":[{"href":"https:\/\/www.cisztasfibrozis.hu\/index.php\/wp-json\/wp\/v2\/types\/page"}],"author":[{"embeddable":true,"href":"https:\/\/www.cisztasfibrozis.hu\/index.php\/wp-json\/wp\/v2\/users\/1"}],"replies":[{"embeddable":true,"href":"https:\/\/www.cisztasfibrozis.hu\/index.php\/wp-json\/wp\/v2\/comments?post=93"}],"version-history":[{"count":2,"href":"https:\/\/www.cisztasfibrozis.hu\/index.php\/wp-json\/wp\/v2\/pages\/93\/revisions"}],"predecessor-version":[{"id":2100,"href":"https:\/\/www.cisztasfibrozis.hu\/index.php\/wp-json\/wp\/v2\/pages\/93\/revisions\/2100"}],"wp:attachment":[{"href":"https:\/\/www.cisztasfibrozis.hu\/index.php\/wp-json\/wp\/v2\/media?parent=93"}],"curies":[{"name":"wp","href":"https:\/\/api.w.org\/{rel}","templated":true}]}}