{"id":424,"date":"2018-08-06T22:48:42","date_gmt":"2018-08-06T20:48:42","guid":{"rendered":"http:\/\/www.cisztasfibrozis.hu\/?page_id=424"},"modified":"2020-04-22T08:34:40","modified_gmt":"2020-04-22T06:34:40","slug":"cf-hetvege-2018-fonyodliget","status":"publish","type":"page","link":"https:\/\/www.cisztasfibrozis.hu\/index.php\/cf-hetvege-2018-fonyodliget\/","title":{"rendered":"CF H\u00e9tv\u00e9ge 2018 &#8211; Fony\u00f3dliget"},"content":{"rendered":"<p><code><div class=\"fg_gallery\">\n<div class=\"fg_thumbnail\" style=\"width:166px;margin:0px 5px 5px 0px;\">\n<a title=\"Gallery title (1\/10)\" href=\"https:\/\/www.cisztasfibrozis.hu\/wp-content\/files\/Fonyod2018\/38267300_1893846173992247_1462417921698430976_o.jpg\"><img decoding=\"async\" src=\"https:\/\/www.cisztasfibrozis.hu\/wp-content\/files\/Fonyod2018\/cache_160x0\/38267300_1893846173992247_1462417921698430976_o.jpg\" style=\"width:160px;margin:0;padding:2px;border-width:1px;\" alt=\"Gallery title (1\/10)\" \/><\/a><\/div>\n<div class=\"fg_thumbnail\" style=\"width:166px;margin:0px 5px 5px 0px;\">\n<a title=\"Gallery title (2\/10)\" href=\"https:\/\/www.cisztasfibrozis.hu\/wp-content\/files\/Fonyod2018\/38465806_1790161081039753_4170253742215528448_n.jpg\"><img decoding=\"async\" src=\"https:\/\/www.cisztasfibrozis.hu\/wp-content\/files\/Fonyod2018\/cache_160x0\/38465806_1790161081039753_4170253742215528448_n.jpg\" style=\"width:160px;margin:0;padding:2px;border-width:1px;\" alt=\"Gallery title (2\/10)\" \/><\/a><\/div>\n<div class=\"fg_thumbnail\" style=\"width:166px;margin:0px 5px 5px 0px;\">\n<a title=\"Gallery title (3\/10)\" href=\"https:\/\/www.cisztasfibrozis.hu\/wp-content\/files\/Fonyod2018\/38467916_1790163464372848_3403913387699077120_n.jpg\"><img decoding=\"async\" src=\"https:\/\/www.cisztasfibrozis.hu\/wp-content\/files\/Fonyod2018\/cache_160x0\/38467916_1790163464372848_3403913387699077120_n.jpg\" style=\"width:160px;margin:0;padding:2px;border-width:1px;\" alt=\"Gallery title (3\/10)\" \/><\/a><\/div>\n<div class=\"fg_thumbnail\" style=\"width:166px;margin:0px 5px 5px 0px;\">\n<a title=\"Gallery title (4\/10)\" href=\"https:\/\/www.cisztasfibrozis.hu\/wp-content\/files\/Fonyod2018\/38505828_1893845607325637_5241048771973873664_o.jpg\"><img decoding=\"async\" src=\"https:\/\/www.cisztasfibrozis.hu\/wp-content\/files\/Fonyod2018\/cache_160x0\/38505828_1893845607325637_5241048771973873664_o.jpg\" style=\"width:160px;margin:0;padding:2px;border-width:1px;\" alt=\"Gallery title (4\/10)\" \/><\/a><\/div>\n<div class=\"fg_thumbnail\" style=\"width:166px;margin:0px 5px 5px 0px;\">\n<a title=\"Gallery title (5\/10)\" href=\"https:\/\/www.cisztasfibrozis.hu\/wp-content\/files\/Fonyod2018\/38521728_1893846517325546_996216285622697984_o.jpg\"><img decoding=\"async\" src=\"https:\/\/www.cisztasfibrozis.hu\/wp-content\/files\/Fonyod2018\/cache_160x0\/38521728_1893846517325546_996216285622697984_o.jpg\" style=\"width:160px;margin:0;padding:2px;border-width:1px;\" alt=\"Gallery title (5\/10)\" \/><\/a><\/div>\n<div class=\"fg_thumbnail\" style=\"width:166px;margin:0px 5px 5px 0px;\">\n<a title=\"Gallery title (6\/10)\" href=\"https:\/\/www.cisztasfibrozis.hu\/wp-content\/files\/Fonyod2018\/38650371_1893846127325585_5801053327017902080_o.jpg\"><img decoding=\"async\" src=\"https:\/\/www.cisztasfibrozis.hu\/wp-content\/files\/Fonyod2018\/cache_160x0\/38650371_1893846127325585_5801053327017902080_o.jpg\" style=\"width:160px;margin:0;padding:2px;border-width:1px;\" alt=\"Gallery title (6\/10)\" \/><\/a><\/div>\n<div class=\"fg_thumbnail\" style=\"width:166px;margin:0px 5px 5px 0px;\">\n<a title=\"Gallery title (7\/10)\" href=\"https:\/\/www.cisztasfibrozis.hu\/wp-content\/files\/Fonyod2018\/38667172_1893846363992228_1632522682731855872_o.jpg\"><img decoding=\"async\" src=\"https:\/\/www.cisztasfibrozis.hu\/wp-content\/files\/Fonyod2018\/cache_160x0\/38667172_1893846363992228_1632522682731855872_o.jpg\" style=\"width:160px;margin:0;padding:2px;border-width:1px;\" alt=\"Gallery title (7\/10)\" \/><\/a><\/div>\n<div class=\"fg_thumbnail\" style=\"width:166px;margin:0px 5px 5px 0px;\">\n<a title=\"Gallery title (8\/10)\" href=\"https:\/\/www.cisztasfibrozis.hu\/wp-content\/files\/Fonyod2018\/DSC7813.jpg\"><img decoding=\"async\" src=\"https:\/\/www.cisztasfibrozis.hu\/wp-content\/files\/Fonyod2018\/cache_160x0\/dsc7813.jpg\" style=\"width:160px;margin:0;padding:2px;border-width:1px;\" alt=\"Gallery title (8\/10)\" \/><\/a><\/div>\n<div class=\"fg_thumbnail\" style=\"width:166px;margin:0px 5px 5px 0px;\">\n<a title=\"Gallery title (9\/10)\" href=\"https:\/\/www.cisztasfibrozis.hu\/wp-content\/files\/Fonyod2018\/DSC7829.jpg\"><img decoding=\"async\" src=\"https:\/\/www.cisztasfibrozis.hu\/wp-content\/files\/Fonyod2018\/cache_160x0\/dsc7829.jpg\" style=\"width:160px;margin:0;padding:2px;border-width:1px;\" alt=\"Gallery title (9\/10)\" \/><\/a><\/div>\n<div class=\"fg_thumbnail\" style=\"width:166px;margin:0px 5px 5px 0px;\">\n<a title=\"Gallery title (10\/10)\" href=\"https:\/\/www.cisztasfibrozis.hu\/wp-content\/files\/Fonyod2018\/DSC7867.jpg\"><img decoding=\"async\" src=\"https:\/\/www.cisztasfibrozis.hu\/wp-content\/files\/Fonyod2018\/cache_160x0\/dsc7867.jpg\" style=\"width:160px;margin:0;padding:2px;border-width:1px;\" alt=\"Gallery title (10\/10)\" \/><\/a><\/div><br style=\"clear: both\" \/>\n<\/div>\n<\/code><\/p>\n","protected":false},"excerpt":{"rendered":"","protected":false},"author":1,"featured_media":0,"parent":0,"menu_order":0,"comment_status":"closed","ping_status":"closed","template":"","meta":{"footnotes":""},"class_list":["post-424","page","type-page","status-publish","hentry","entry","double"],"_links":{"self":[{"href":"https:\/\/www.cisztasfibrozis.hu\/index.php\/wp-json\/wp\/v2\/pages\/424","targetHints":{"allow":["GET"]}}],"collection":[{"href":"https:\/\/www.cisztasfibrozis.hu\/index.php\/wp-json\/wp\/v2\/pages"}],"about":[{"href":"https:\/\/www.cisztasfibrozis.hu\/index.php\/wp-json\/wp\/v2\/types\/page"}],"author":[{"embeddable":true,"href":"https:\/\/www.cisztasfibrozis.hu\/index.php\/wp-json\/wp\/v2\/users\/1"}],"replies":[{"embeddable":true,"href":"https:\/\/www.cisztasfibrozis.hu\/index.php\/wp-json\/wp\/v2\/comments?post=424"}],"version-history":[{"count":1,"href":"https:\/\/www.cisztasfibrozis.hu\/index.php\/wp-json\/wp\/v2\/pages\/424\/revisions"}],"predecessor-version":[{"id":1965,"href":"https:\/\/www.cisztasfibrozis.hu\/index.php\/wp-json\/wp\/v2\/pages\/424\/revisions\/1965"}],"wp:attachment":[{"href":"https:\/\/www.cisztasfibrozis.hu\/index.php\/wp-json\/wp\/v2\/media?parent=424"}],"curies":[{"name":"wp","href":"https:\/\/api.w.org\/{rel}","templated":true}]}}